Let r be u(-3). Suppose 0 = -7*l + r*l + 1378. Is l prime?
False
Let v = 10 + -8. Suppose -2*o = 4*t - 140, 58 = 5*o + v*t - 300. Let x = 106 - o. Is x composite?
True
Is (-2 + 175/40)*334*4 a composite number?
True
Let h(f) = 33*f**3 - f**2 + f - 1. Let y be h(1). Let s = -27 + y. Let t(b) = 4*b - 10. Is t(s) prime?
False
Suppose 12*h - 9*h = 24519. Is h prime?
False
Suppose -4*a + 12560 = 4*g, -4*g - 2236 = 5*a - 14796. Is (-6)/4*g/(-15) composite?
True
Let d = 24 - -668. Is (1/(3/d))/(102/153) a composite number?
True
Suppose -5*m + 3*l + 639 = 0, 5*m - 5*l - 546 = 89. Suppose -125 = -f + m. Is f a composite number?
True
Suppose -7*d + 1840 = 9*d. Suppose 6*w - 143 - d = 0. Is w prime?
True
Let l(f) be the third derivative of 0*f - 14*f**2 + 1/20*f**5 + 0 + 2/3*f**3 - 1/12*f**4. Is l(13) prime?
False
Suppose u - s - 178 = 0, 4*u = -3*s - s + 704. Is u prime?
False
Suppose 0 = m - 2*m + 25. Let a be ((-5)/(-2))/(70/168). Let k = a + m. Is k prime?
True
Let p be ((-4)/(-3))/((-4)/18). Let s be -15*((-14)/p + 1). Let g = 109 + s. Is g a prime number?
True
Let q = -14 - -27. Suppose 5*p = 7 + q. Suppose -5*m + 4*c = 5*c - 724, p*m - 577 = -3*c. Is m prime?
False
Suppose -3*k + 0*k = -18. Let n = k - 3. Is -1 + n - (-93)/1 composite?
True
Suppose -13133 = -4*s + 5*c, 4*s + 3*c - 13807 = -714. Is s prime?
False
Suppose -3*h - 2*a = -5*h + 2704, -5*h = -4*a - 6764. Is (-13)/((-26)/h) - -1 a prime number?
False
Let f(i) = i**3 - 2*i + 2334. Let y be f(0). Suppose 6 = 2*o + 2. Suppose j + 583 = o*j + d, -5*d = 4*j - y. Is j prime?
False
Let h = -46315 + 83148. Is h a composite number?
False
Let m be 3/18 - 96104/48. Let v = 1161 - m. Is v a prime number?
True
Let t be (-6290)/(-45) - (2 - (-20)/(-9)). Suppose t + 265 = 5*g + n, 3*n - 149 = -2*g. Is g prime?
False
Let i be (4/(-3))/(9/(-27)). Suppose -123 = -r + i*j, 3*j = 5*j + 2. Is r composite?
True
Suppose -25*y = -23*y - 3526. Is 12/(-18) - y/(-3) composite?
False
Let o(v) = -5*v**3 + 32*v**2 - 11*v + 41. Let b(f) = -12*f**3 + 63*f**2 - 21*f + 83. Let s(p) = -2*b(p) + 5*o(p). Is s(27) a prime number?
False
Suppose -3*c + 2*c - 10 = -3*f, 4*c = -4. Suppose f*j = 7*j - 1420. Is j a composite number?
True
Suppose -7*j + 64925 = 5670. Is j composite?
True
Let b(x) = -62*x - 22. Let z be 6/2*(-6)/2. Let j be b(z). Let c = -357 + j. Is c composite?
False
Let h = -14283 - -5919. Let l = h + 11773. Is l a prime number?
False
Let k be (-3)/(15/8)*5. Let m = 21 + k. Suppose -3*f + 158 = -m. Is f a prime number?
False
Let j = -550 + 114. Let a = 1347 + j. Is a a prime number?
True
Suppose -1195052 + 318182 = -30*r. Is r a prime number?
False
Is (-585)/234*(-7262)/5 a prime number?
True
Let q(s) = 7*s**3 - 6*s**2 + s + 2. Let l(i) = 2*i**3 - 3*i**2. Let j be l(2). Is q(j) a prime number?
False
Suppose 0 = -3*z + 4*u + 517, 4*z - 4*u = 568 + 128. Suppose 2*l = -3*s + 8369, -2*l + z - 2966 = -s. Is s a composite number?
False
Let y(i) = 205*i**2 - 2*i - 3. Suppose -3*u + 4*m = m - 12, 3*u + 2*m = 7. Suppose -3*z - 3 = 3*g, -u*z - 2*z - 7 = 3*g. Is y(z) a prime number?
True
Suppose -190 + 734 = -4*p. Let i = 265 + p. Suppose 3*k - i = -4*z, 5*k + 14 - 229 = -5*z. Is k a composite number?
False
Suppose 354 = -4*w + 3326. Is w a prime number?
True
Suppose -k = -4*t - 2023 - 2576, 2*k + 3*t - 9165 = 0. Suppose -5*a + 8 = -k. Is a a composite number?
False
Let l(g) = -31*g**2 + 4*g - 3. Let x(f) = -f**2 - 3*f + 3. Let k be x(-3). Let o be l(k). Is o/(-8) - (-2)/8 a prime number?
False
Let q(p) = -4*p**3 - 18*p**2 - 41*p + 20. Is q(-7) a composite number?
False
Let i(b) = 90*b**2 + 21*b - 140. Is i(5) a composite number?
True
Suppose 0*m - 4086 = -5*q + m, q = m + 814. Suppose 0 = -x - x + q. Let j = -14 + x. Is j prime?
False
Suppose 0 = 2*s - 5*i - 201, 4*i - 273 = -3*s + 2*i. Let q be (-4)/12 + 130/(-6). Let a = s + q. Is a a composite number?
False
Is 4/48 - (-595218)/72 prime?
False
Let i(y) = -4203*y**3 + 8*y**2 - 6*y - 4. Is i(-3) prime?
True
Suppose 0 = 2*d - 10*o + 9*o - 3680, -6 = -3*o. Is d prime?
False
Suppose -r - 5*s = -501, 981 = 2*r - 0*s + 3*s. Let b = 845 - r. Is b prime?
True
Let z(v) = -1 + 4 - 16*v + 20*v. Suppose 4*n = 12 - 0. Is z(n) composite?
True
Let y(n) = 7446*n**2 + 4*n - 5. Is y(1) prime?
False
Suppose 4*v = v - v. Suppose v = -w + 2*w - 358. Is w a prime number?
False
Let r be (-6282)/(-15) + 4/20. Let g = r + -253. Is g a composite number?
True
Let w = 53 - 21. Let u = 2 + w. Is u a prime number?
False
Suppose -3*t + 14 = -1, -t = -4*j + 11367. Is j a composite number?
False
Suppose -5*n + 10 = 15. Is -1*4 - 4398/(-3 - n) a prime number?
False
Suppose -3*d - 158502 = -3*j, j - 52889 = 3*d - 61. Is j a composite number?
False
Suppose 102385 = 13*b - 8*b + z, 5*z - 20477 = -b. Is b prime?
True
Is -4*(127/(-4))/(3/39) a prime number?
False
Let d(z) = -747*z - 79. Let s be d(-12). Is s*(-8)/(-120) + 4/6 prime?
True
Let a(r) = 1. Let t(h) = -31*h + 40. Let j(d) = a(d) + t(d). Is j(-8) composite?
True
Let k be (-2)/(3/(-9)*2). Let q(h) = -k - 2 - 18*h + 6*h. Is q(-2) prime?
True
Let o = 501 + -186. Let l be (o/60)/((-6)/(-8)). Suppose 5*a - l*a = -938. Is a a composite number?
True
Let q = 55815 + 2194. Is q a composite number?
True
Suppose 0 = -44*p + 78*p - 532202. Is p a composite number?
True
Suppose -i + 65 + 306 = 0. Suppose -i = 2*s - 1339. Suppose -3*j + s = -437. Is j prime?
True
Let w = 111 + 21. Let q = -288 + w. Let s = -109 - q. Is s composite?
False
Let r be (25/(-10))/5 - 38/4. Is (-3)/(72/948*1/r) prime?
False
Let s = -6428 - -11343. Is s prime?
False
Let q = 0 + -1. Let r(z) be the first derivative of -18*z**2 + z + 57. Is r(q) a composite number?
False
Let p = -4075 - -20436. Is p composite?
False
Let o(y) = 28*y**2 - 38*y + 251. Is o(14) a prime number?
False
Let t = 46 - 43. Is 0 - -2 - (3 + -365 + t) a prime number?
False
Let t be 26/((-7)/(259/2)). Let m = t - -845. Suppose m + 1720 = 4*u. Is u a prime number?
True
Let z = -25 + 31. Let b be 1/2 + 4035/z. Suppose 2065 = 5*q + 2*c, -4*c = 4*q + b - 2325. Is q prime?
False
Let p = 11946 - -3285. Is p a composite number?
True
Let y(j) = 9085*j - 51. Is y(4) a prime number?
False
Let j be 4/(-6) + 3274/6. Let y = 24 + -20. Suppose -n + j = y*n. Is n a composite number?
False
Let m be 8/(-36) - 11/(-18)*2. Is ((-1346)/4)/m*(-15 + 13) composite?
False
Let g be 8/(-14) - 24/(-42). Suppose g = -0*c - c + 5. Suppose -p + 4*p = -3*k + 189, c*k - 4*p = 333. Is k prime?
False
Let y(i) = -20*i - 3. Suppose 34 - 14 = -4*v. Is y(v) composite?
False
Let h = 391 - -14580. Is h a composite number?
True
Let s(w) = 28*w**2 + 4*w + 55. Is s(-7) composite?
False
Let p(j) = -15*j - 3. Let h be p(-1). Is 876 + (-15)/20*h/(-9) prime?
True
Let z(i) be the second derivative of i**5/20 - i**4/3 - i**3/2 - 7*i**2/2 - 2*i. Suppose 5*w - 15 = 2*l - l, -2*l + 22 = 3*w. Is z(l) prime?
True
Is (0 + -2 - -708) + 3 prime?
True
Suppose 3*h + 2910 = 6*h + 3*m, -5*m + 15 = 0. Is h a composite number?
False
Let v = -4591 - -10328. Is v a prime number?
True
Suppose -7*z + 545 = -6*z + 4*u, -5*u = z - 540. Is z composite?
True
Suppose 0 = -0*c - 17*c + 220643. Is c a prime number?
True
Suppose 2*m = -n + m + 2, -16 = -5*n - 2*m. Suppose 4*f = -4*p, -n*p + 0*p + 20 = -f. Is 3*-1 + (p - -672) a prime number?
True
Let g be (-8)/(-28) + (-2)/7. Suppose g*b + 4*b + 4*j = 0, 5*j - 30 = 5*b. Is (56 - 0/4) + b a composite number?
False
Suppose -2*x = 9*m - 7*m - 1998, 4993 = 5*x + 4*m. Is x a prime number?
True
Suppose 5*c - 7 = -d, 10 - 4 = -2*d. Is 2/c + (-826)/(-7) a composite number?
True
Let q(h) = 101*h**2 - 8*h - 10. Is q(-3) composite?
True
Let k(b) = -41*b + 6637. Is k(0) a composite number?
False
Let f(n) = -n**3 - 19*n**2 - n - 23. Let r(d) = d**3 + 19*d**2 + d + 23. Let s(u) = 5*f(u) + 6*r(u). Let x be s(-19). Suppose p + x*p = 2595. Is p prime?
False
Let f(a) = a**2 - 7*a + 3. Let t be f(7). Suppose 0 = 3*j + 4*w - 1317, -j - t*w - w = -439. Is j a prime number?
True
Let q(u) = 5*u**3 - u**2 - 8*u + 3. Let j = -9 + 14. Is q(j) a prime number?
True
Suppose -11*n - 38928 = -35*n. Is n composite?
True
Suppose -4*w + 2323 = 163. Let q = w + 3419. Is q a composite number?
True
Suppose -t + 0*t - 5*y = -301, -4*y = -2*t + 574. Let x = 616 + t. Is x a comp